e remainder when 58226844 is divided by 10739?
10725
What is the remainder when 2268460 is divided by 179?
172
What is the remainder when 2314198 is divided by 609?
607
Calculate the remainder when 2168135 is divided by 1368.
1223
What is the remainder when 39053 is divided by 12626?
1175
What is the remainder when 238355 is divided by 657?
521
Calculate the remainder when 74026951 is divided by 747.
745
Calculate the remainder when 7821788 is divided by 167.
9
What is the remainder when 21943554 is divided by 27?
6
Calculate the remainder when 35299505 is divided by 43.
31
Calculate the remainder when 33645 is divided by 6722.
35
Calculate the remainder when 47444706 is divided by 7249.
1
Calculate the remainder when 1172580 is divided by 1337.
31
What is the remainder when 47291 is divided by 47019?
272
What is the remainder when 2325223 is divided by 387426?
667
Calculate the remainder when 693060 is divided by 421.
94
Calculate the remainder when 1506113 is divided by 4938.
23
What is the remainder when 84717 is divided by 568?
85
What is the remainder when 6767892 is divided by 417?
399
What is the remainder when 163999 is divided by 2145?
979
Calculate the remainder when 3929932 is divided by 9899.
29
What is the remainder when 1073453 is divided by 311?
192
What is the remainder when 4887488 is divided by 92?
80
Calculate the remainder when 71492 is divided by 6061.
4821
Calculate the remainder when 973592 is divided by 2572.
1376
Calculate the remainder when 88276537 is divided by 21.
13
What is the remainder when 49295 is divided by 16127?
914
Calculate the remainder when 1510619 is divided by 188806.
171
Calculate the remainder when 595039 is divided by 3401.
3265
Calculate the remainder when 15192235 is divided by 210.
205
What is the remainder when 93725 is divided by 4942?
4769
Calculate the remainder when 2207286 is divided by 196.
130
Calculate the remainder when 41923318 is divided by 58634.
8
Calculate the remainder when 356798 is divided by 4955.
38
Calculate the remainder when 9218432 is divided by 44319.
80
Calculate the remainder when 2201923 is divided by 57.
13
Calculate the remainder when 932619 is divided by 1519.
1472
What is the remainder when 1499219 is divided by 28?
15
Calculate the remainder when 1112670 is divided by 370874.
48
What is the remainder when 31596331 is divided by 3953?
2
What is the remainder when 20495775 is divided by 10247883?
9
What is the remainder when 22386256 is divided by 26?
22
What is the remainder when 157151557 is divided by 1726940?
17
What is the remainder when 133912 is divided by 11139?
244
What is the remainder when 14739001 is divided by 1686?
1675
Calculate the remainder when 3130390 is divided by 6138.
10
Calculate the remainder when 205075 is divided by 532.
255
What is the remainder when 5853854 is divided by 1111?
1106
Calculate the remainder when 18750432 is divided by 50952.
96
What is the remainder when 32555 is divided by 165?
50
What is the remainder when 11896439 is divided by 5948208?
23
Calculate the remainder when 145791 is divided by 2963.
604
What is the remainder when 36302038 is divided by 9777?
37
What is the remainder when 2952081 is divided by 52713?
153
What is the remainder when 1919739 is divided by 16?
11
Calculate the remainder when 543507 is divided by 305.
302
What is the remainder when 757571848 is divided by 1462?
1460
Calculate the remainder when 266678 is divided by 26206.
4618
What is the remainder when 213518 is divided by 4462?
3804
Calculate the remainder when 1214385 is divided by 1121.
342
What is the remainder when 875712 is divided by 291064?
2520
Calculate the remainder when 3089337 is divided by 184.
161
Calculate the remainder when 630091 is divided by 465.
16
Calculate the remainder when 2209037 is divided by 2208892.
145
What is the remainder when 70530 is divided by 69997?
533
Calculate the remainder when 558774 is divided by 2695.
909
Calculate the remainder when 165587181 is divided by 1708.
1705
What is the remainder when 2627917 is divided by 55912?
53
Calculate the remainder when 2826770 is divided by 340.
10
What is the remainder when 49093946 is divided by 50147?
33
What is the remainder when 362480 is divided by 45243?
536
Calculate the remainder when 423802 is divided by 3388.
302
Calculate the remainder when 601345 is divided by 200425.
70
Calculate the remainder when 143349 is divided by 169.
37
Calculate the remainder when 432922 is divided by 4419.
4279
Calculate the remainder when 9926984 is divided by 290.
284
What is the remainder when 178272 is divided by 1170?
432
Calculate the remainder when 30548 is divided by 782.
50
Calculate the remainder when 35649 is divided by 1472.
321
Calculate the remainder when 2275641 is divided by 252607.
2178
Calculate the remainder when 127734 is divided by 442.
438
Calculate the remainder when 1572295 is divided by 3653.
1505
What is the remainder when 69578576 is divided by 70495?
11
Calculate the remainder when 102390 is divided by 162.
6
What is the remainder when 2468077 is divided by 176289?
31
Calculate the remainder when 1374176 is divided by 11082.
8
What is the remainder when 16380 is divided by 4074?
84
Calculate the remainder when 362087 is divided by 27851.
24
What is the remainder when 4158663 is divided by 413?
166
Calculate the remainder when 71121 is divided by 17160.
2481
Calculate the remainder when 6213475 is divided by 122.
15
Calculate the remainder when 3354752 is divided by 1677371.
10
Calculate the remainder when 11936567 is divided by 724.
703
Calculate the remainder when 235535 is divided by 21408.
47
What is the remainder when 496337 is divided by 247754?
829
Calculate the remainder when 591758 is divided by 1966.
1958
Calculate the remainder when 6057 is divided by 3261.
2796
Calculate the remainder when 91545 is divided by 14288.
5817
Calculate the remainder when 22800 is divided by 538.
204
Calculate the remainder when 12645006 is divided by 1651.
1648
Calculate the remainder when 116493 is divided by 1617.
69
What is the remainder when 5270648 is divided by 3370?
3338
What is the remainder when 1381402 is divided by 172674?
10
Calculate the remainder when 60351 is divided by 241.
101
What is the remainder when 146514 is divided by 149?
47
What is the remainder when 34213 is divided by 818?
675
Calculate the remainder when 328762 is divided by 8.
2
What is the remainder when 1405161 is divided by 1586?
1551
Calculate the remainder when 3536466 is divided by 6814.
0
Calculate the remainder when 461764 is divided by 8873.
368
What is the remainder when 22089810 is divided by 2761226?
2
Calculate the remainder when 881230 is divided by 29371.
100
Calculate the remainder when 11696 is divided by 1299.
5
What is the remainder when 739163 is divided by 28335?
2453
What is the remainder when 193275 is divided by 3252?
1407
What is the remainder when 24015 is divided by 11884?
247
What is the remainder when 933118 is divided by 263?
257
Calculate the remainder when 5658599 is divided by 5.
4
What is the remainder when 39489861 is divided by 1892?
37
What is the remainder when 215638 is divided by 287?
101
What is the remainder when 176068 is divided by 5268?
2224
What is the remainder when 83688 is divided by 5416?
2448
What is the remainder when 172471 is divided by 13200?
871
Calculate the remainder when 68842110 is divided by 272.
270
Calculate the remainder when 530730 is divided by 946.
24
What is the remainder when 21019 is divided by 107?
47
What is the remainder when 47631133 is divided by 1642?
1639
What is the remainder when 5860189 is divided by 124?
73
What is the remainder when 631111319 is divided by 315?
314
Calculate the remainder when 396152051 is divided by 17.
14
Calculate the remainder when 163546 is divided by 902.
284
What is the remainder when 7398484 is divided by 279?
241
What is the remainder when 17253302 is divided by 19?
10
What is the remainder when 7713 is divided by 1425?
588
Calculate the remainder when 48017621 is divided by 32.
21
What is the remainder when 39370418 is divided by 624927?
17
Calculate the remainder when 272100 is divided by 90439.
783
What is the remainder when 6156 is divided by 1394?
580
What is the remai